s the hundreds digit of t?
2
Suppose -5*v - 13187 = -94*s + 91*s, 3*s - 13192 = 4*v. What is the units digit of s?
4
Let l be (-234)/(-4)*(-8)/(-12). Suppose 4*z - 4*q - q = -9, -5*z + 5 = -3*q. Suppose -20 = z*b, a - 3*b = -a + l. What is the tens digit of a?
1
Let n(g) = 12*g + 167. Suppose -81 = -10*i + 189. What is the units digit of n(i)?
1
Suppose 1568 = -8*b + 4*b. Let q = b - -780. What is the units digit of q?
8
Suppose 3*f - 21 = -0. Suppose -18 = f*p + 3. What is the tens digit of ((340/6)/(-2))/(p/9)?
8
Let x(y) = 162*y**2 - 2. Let z(l) = -164*l**2 + 3. Let j(o) = 4*x(o) + 3*z(o). What is the hundreds digit of j(1)?
1
Let z(d) = -157*d - 11. Let u be z(-9). Suppose -2*t + l + u = -3*l, -2792 = -4*t + 2*l. What is the units digit of t?
7
Suppose 6*f - 268 = -64. What is the hundreds digit of (-7 + f/3)*69/1?
2
Let p be (0 - -196) + (2 + -2)/2. Suppose y + 0*y - p = 0. What is the hundreds digit of y?
1
Let j = -59 + 59. Suppose 0 = -3*w + 3 - 6, j = -3*t - 5*w - 5. Suppose -2*s + 117 - 23 = t. What is the tens digit of s?
4
Suppose 386*r - 593544 = 358*r. What is the ten thousands digit of r?
2
Let c(o) = -3*o**2 + 9*o - 8. Let u be c(4). Let y be 7/(175/u)*-5. Suppose -3*w + y*w + 2*a = 204, -w + 3*a = -199. What is the hundreds digit of w?
2
Let q(k) = -k**2 - 28*k - 25. Suppose -3 = -3*r + 2*i, -6 = -4*r - i - 2. Let b(h) = h + 1. Let f(g) = r*q(g) + 6*b(g). What is the tens digit of f(-12)?
0
Suppose -4*o + 3*s - 4229 = 0, 6*o + 3*s + 3156 = 3*o. Let h = -271 - o. What is the hundreds digit of h?
7
Let b be 68/28 + 9/(-21). Let d(c) = 5*c - 2. Let x be d(b). Suppose 0 = x*q - 327 - 225. What is the units digit of q?
9
Suppose 2*h - 87178 = 3150*j - 3154*j, j - 4*h = 21808. What is the ten thousands digit of j?
2
Let n(t) = 10*t**2 - 116*t - 8516. What is the thousands digit of n(-49)?
1
Suppose -28*m - 5*m = -33. Let f(z) = 853*z - 12. What is the tens digit of f(m)?
4
Let o = -134 + 58. Let m = 32 + 80. Let q = m + o. What is the units digit of q?
6
Let h be -20*8/(3 + -2 + -2). Let k = 321 - h. What is the tens digit of k?
6
Let v = -37 + 41. Suppose 6*n - 638 = v*n. What is the tens digit of n?
1
What is the thousands digit of 55270*(-32)/(-240)*6/(-4)*-1?
1
Let c = 172 + 2897. Suppose 5*v = c - 649. What is the tens digit of v?
8
Let q = 4471 + -3031. What is the hundreds digit of q?
4
Suppose -4*y = -2*a + 76370, 3*a - 27*y = -24*y + 114576. What is the tens digit of a?
9
Let c be 11*(-17)/4 + 18/24. Let j = c - -114. Suppose -v + 20 = -2*k, -5*v + 5*k = -v - j. What is the units digit of v?
2
Suppose -36*o + 28*o = -5184. Let n = 1284 - o. What is the hundreds digit of n?
6
Let r be -19 + 23 + (15/3 - -1). Suppose r*l = 177 + 2063. What is the units digit of l?
4
Suppose 67*s = 63*s - 1484. Let i = s + 490. What is the units digit of i?
9
Suppose -3*b + 87389 = -5*o, -3*o - 7 = -2*o. What is the units digit of b?
8
Let x(p) = -6*p**2 + 88*p - 318. Let a be x(8). Let b(u) = 5*u - 4. Let k be b(5). Suppose 119 = a*c + k. What is the units digit of c?
9
Suppose -11*d = -29*d + 71397 + 72963. What is the thousands digit of d?
8
Let u(w) = -3*w - 21. Let o be u(-11). Let f(s) = 20*s - 56. What is the units digit of f(o)?
4
Let c(n) be the third derivative of 5*n**4/4 - 367*n**3/6 + 2*n**2 - 32. What is the hundreds digit of c(46)?
0
What is the ten thousands digit of 122*8/(64/(-40))*(-27 - -5)?
1
Let o(c) be the third derivative of 237*c**6/40 - 5*c**2. What is the units digit of o(1)?
1
Let p = -10964 + 18920. What is the hundreds digit of p?
9
Let h be (112/40)/((-13)/65). Let a(w) = w**3 + 8*w**2 - 4*w - 1. Let p be a(-6). Let u = h + p. What is the tens digit of u?
8
Let t be (2 - (-241)/(-3)) + (-12)/18. Let y = t + 74. What is the hundreds digit of 149/1 + (-8 - y) + 0?
1
Let t(a) = -a**3 + 3*a**2 + 4*a + 1. Let y be t(4). Let l = y - -2. Suppose 2*i = -2*z + l*i + 59, 0 = 2*z - 5*i - 55. What is the tens digit of z?
3
What is the units digit of 6 + (-1 - -10 - 4) + (-17826)/(-2)?
4
Let q(c) = c**3 + 23*c**2 + 61*c + 25. Let f be q(-20). Suppose 0 = -o + f*v + 87, -2*o - 4*v = -9*v - 159. What is the units digit of o?
2
Let k(x) = 202*x + 2614. What is the thousands digit of k(27)?
8
Let v(z) = 3*z**2 - 15*z + 373. Let y(k) = -k**2 + 7*k - 186. Let n(j) = 2*v(j) + 5*y(j). Let u be n(0). Let q = -2 - u. What is the hundreds digit of q?
1
Let h = 191 - 194. What is the tens digit of (103/h)/((-35)/(-12) - 3)?
1
Suppose 5*c - 36*x = -37*x + 71709, -4*c + 57390 = -3*x. What is the hundreds digit of c?
3
Let p be 29 + -22 + 2 + 2/2. Suppose 4375 = p*u - 2285. What is the tens digit of u?
6
Suppose 2*z - 9*z = -35. What is the units digit of 290*z + (-100)/(-20)?
5
Suppose 7*z + 48 = z. Let p be ((-101)/1)/(8/z). Let n = -48 + p. What is the units digit of n?
3
Let z = -145 + 162. Suppose 2*v = -5*m + 656, z*v - 15*v - 648 = -3*m. What is the units digit of v?
8
What is the hundreds digit of 60867 - (18 + 2 + -15)?
8
Suppose 12 = 3*s, 17*g - 18*s = -21*s + 1025129. What is the ten thousands digit of g?
6
Suppose -1429*g = -1409*g - 223280. What is the tens digit of g?
6
Let m be (-1300)/(-15) + (-3 - (-21)/9). Suppose -w - m + 861 = 0. What is the hundreds digit of w?
7
Let w(v) = 5*v + 5319. What is the thousands digit of w(-138)?
4
Let f = -250 + 214. What is the tens digit of 2/(-1)*5058/f?
8
Let o be 720/420 - 4/(-14). Suppose -3*m - 15155 = 2*m. What is the tens digit of ((-8)/(-3) - o) + m/(-21)?
4
Let z be 32 - 4 - (5 - (2 - 2)). Suppose 4*a + 3*h - 4525 = 0, 20*h + 1138 = a + z*h. What is the units digit of a?
9
What is the tens digit of (1 - 21)*13344/(-695)?
8
Suppose -1610*r + 1654*r = 1484604. What is the hundreds digit of r?
7
Suppose 27*n - 35234 - 377984 = 20213. What is the tens digit of n?
5
Suppose r = -4*c + 1, 4*r = 2*r - c + 9. Let x be 1860/(-55) - 2/11. What is the units digit of 2/((-104)/x - 15/r)?
4
Let q = 3834 - 874. What is the thousands digit of q?
2
Suppose 212*m - 208*m - 9616 = 0. What is the units digit of m?
4
Suppose 0 = -16*a + 187321 + 359207. What is the hundreds digit of a?
1
Suppose 5*b + 4*h = -7, 5*h + 9 = 3*b - 9. What is the tens digit of ((-6146)/35)/(b*4/(-20))?
7
Let d = 42213 - 13799. What is the hundreds digit of d?
4
Let z(d) = 4*d**2 + 6*d + 22. Suppose 0*u - o + 96 = -2*u, -2*u + 2*o = 100. Let m = -51 - u. What is the units digit of z(m)?
2
Let x be ((-128)/5)/(5/(-25)). Suppose -2*y + 306 = 4*d, 0 = 3*d + 5*y - x - 119. Let w = 79 - d. What is the units digit of w?
5
Suppose -6*m + 4*m = a - 2388, -a - 5*m + 2403 = 0. Suppose -a = -7*t + 3201. What is the tens digit of t?
9
Let k = -29 + 25. Let o be 35 - (k/(0 + -4) + -1). Suppose 0 = 4*v - 12, -146 + o = -a + 5*v. What is the hundreds digit of a?
1
Let s(m) = m**3 + 4*m**2 - 17*m - 7. Let x be s(-6). Suppose -672 + 11022 = x*f. What is the units digit of f?
0
Let d(g) = 3*g + 13. Let t(a) = 2*a + 14. Let y(b) = -3*d(b) + 2*t(b). Suppose 0 = -2*s + c - 14, c + 22 = -2*s - 2*s. What is the units digit of y(s)?
9
Let h = 3 - 6. Let v = h - -8. Suppose -14 = 3*o - v*o. What is the units digit of o?
7
What is the hundreds digit of ((-473)/(-44) - 12)/((-2)/(-99504)*-3)?
7
Let x be -3 + 6 + -1 + 0. Suppose x*n + 25*n - 30942 = 0. What is the tens digit of n?
4
Let q be (20 + -14)/(3*(-3)/(-30)). What is the hundreds digit of 2*395/q*18?
7
Let r(i) = 901*i**2 - 5*i - 51. What is the tens digit of r(-3)?
7
Let r = -25 - -28. Suppose u + r = 0, -2*k + 7*k - 5*u = 25. Suppose 3*x - 7 = -a, k*a + a = -15. What is the units digit of x?
4
Let u be 7 + -6 - -134 - -4. Suppose u*i - 144*i + 4135 = 0. What is the hundreds digit of i?
8
Let y(m) = 97*m**2 + 2*m - 15. Let z be ((-2)/(-45))/((-8)/80)*-9. What is the tens digit of y(z)?
4
Suppose -4*y = -r + 24052 + 27464, 5*r - 5*y = 257460. What is the tens digit of r?
8
What is the units digit of 2031*(13 + 790/(-60))*(1 - 3)?
7
Let q(x) = -484*x + 3934. What is the units digit of q(-99)?
0
Let a(d) = 5*d - 42. Let n be a(10). Let x(h) = -h**3 + 11*h**2 - 18*h + 83. What is the tens digit of x(n)?
3
Let t(n) = 3*n**3 - 5*n - 1. Let q be t(-2). Let j(y) = y**2 + 14*y + 36. What is the units digit of j(q)?
1
Suppose -4 = -p + 4*g, 0*p - 2*p = 5*g - 8. Suppose 4*a = -p, 0*o + 89 = -o -